
What is the value of -21 - (1 - (17 - 30)) - -3?
-32
Evaluate (-5 - -3) + (1 - 4) + -6 + -8.
-19
(7 - (17 + -9 - -5)) + -6
-12
What is the value of 12 + -20 + 14 - 6?
0
(0 + 3 + 1 - 11) + -34 + 33
-8
Calculate (-2 - -9 - (-27 - -32)) + (-19 - -1).
-16
Calculate -21 - ((3 - 3) + -25).
4
14 + (-9 - -10) + 27 + -14
28
Evaluate -3 - (5 + -2 + -13 + 3).
4
Calculate -18 - (-8 + -6 + 16 + -10).
-10
What is -23 + -5 - (6 - 1) - (-9 - -1)?
-25
Evaluate 0 - 11 - (9 + -11) - -17.
8
What is the value of 7 + 1 + (-15 - -15) - -3?
11
Calculate -24 - (-25 - -13 - -17) - -11.
-18
What is the value of (-102 + 41 - -42) + 1 + -1?
-19
What is -14 + 22 - (7 - -4) - (9 - 2)?
-10
What is the value of 7 + (-4 - -10 - 4) + 9?
18
Evaluate 15 + -33 - (-14 - 0).
-4
Evaluate -12 + (8 - 6) + 12.
2
Evaluate -4 + 11 + (-5 - (-12 + -22 + 7)).
29
Calculate 2 + 8 + -12 + -3.
-5
What is the value of (-12 - 0 - -6) + 1 + -1?
-6
0 + -7 - (-8 - (3 + 13 + -11))
6
Calculate (2 - 8) + -4 - (1 + 1 - 7).
-5
What is 36 + -33 + 17 - (57 - -2)?
-39
What is 473 + -497 - (2 - 3)?
-23
What is 6 + -1 + -6 + -3 + 7?
3
What is (3 - -16 - (0 + -20 - -32)) + -40?
-33
What is the value of (-25 + 30 - 2) + (-20 - -1) + -1?
-17
What is -7 + 3 + 5 + 8?
9
What is -18 + 4 - (79 + -98)?
5
What is (0 - (-4 + 4)) + (-8 - -3)?
-5
Evaluate (1 - -6 - (-52 - -63) - 13) + -4.
-21
Calculate -22 + (3 + 12 - 7) + -3.
-17
What is the value of 0 + 14 + 9 + -18 - -18 - 8?
15
3 - 3 - (-24 - -23)
1
-42 + 24 + 22 - (-7 + 1) - -9
19
Evaluate 28 + 31 + -73 + 24.
10
What is -12 + 26 + -10 + -27?
-23
(2 - -3 - (-11 + (15 - 6))) + 2
9
13 - ((37 - 20) + 1)
-5
3 - (-3 + 2) - (30 + -14 + 7)
-19
What is the value of 17 + 19 + (5 + -9 - 9)?
23
Calculate -1 - -16 - (2 - (-12 - (-15 - -5))).
11
-2 - 2 - ((-3 - (2 + -7)) + -8)
2
-5 - ((-11 - -15) + -15 + 21 - 41)
26
(-35 - 0) + (15 - 32 - (-5 + -20))
-27
What is the value of -21 - (-22 - 21) - 1?
21
What is the value of 27 + -5 + -13 + (0 - 2)?
7
What is the value of 3 + -1 - 25 - (157 + -162)?
-18
Calculate 2 - (10 + -4 + -4 - -5 - 5).
0
What is the value of (39 - 54) + (0 + -2 - -1)?
-16
Calculate -356 + 363 - (-1 - -8).
0
-7 + (12 + 16 - -17)
38
Calculate 0 + -1 - (-13 + 13) - (1 - 4).
2
What is the value of (5 + 8 + -7 - (-1 + 9)) + -4?
-6
Evaluate 19 + -7 - (14 + 40) - -14.
-28
10 - 7 - (7 - (1 + 5))
2
3 + -1 - (-1255 + 1231)
26
3 + 0 + (-12 - 0)
-9
What is 5 - (6 + 13 + 3) - -27?
10
Calculate 7 - (5 + (2 - -2 - -1)).
-3
Evaluate (-19 - (-12 + -12)) + 7 - 11.
1
Calculate 2 + (2 - 0) - (24 + -17).
-3
What is the value of -20 + 35 - (27 + -1)?
-11
-50 - ((-8 - 2) + (207 - 214))
-33
1 + 14 + (-1 - -3) - (-26 - -30)
13
-6 - (-22 + 20 + -19 - -5)
10
Calculate 8 + (-29 - -11) + 16.
6
What is -1 + (3 - 6 - -7 - -3)?
6
Evaluate 30 + -39 - (-15 - (1 - 5)).
2
What is -14 + 2 + -9 + (-4 - -11)?
-14
What is the value of (9 + 0 - 3) + -2 - (1 - 7)?
10
Evaluate -2 + -6 + (7 - -5) - 8.
-4
What is the value of -12 + (9 - (-1 - (-6 - 11)))?
-19
Calculate 66 + -52 - (4 - -2) - (0 + 0).
8
11 + 1 - (-11 - 38 - -56)
5
What is 0 - -6 - (-25 + 19 - (-14 + 4))?
2
Calculate -9 + 37 - (11 - -4).
13
Evaluate (0 - 0) + -2 + (-8 - (-3 + -2)).
-5
What is the value of -2 - (-6 - -7) - (-3 - 18) - 2?
16
-8 - 1 - (-20 - (10 - 40))
-19
27 - 1 - (19 - 6)
13
Calculate 22 - (14 - -4 - -2).
2
12 - (-1 + 12 - -6) - (-20 + -1)
16
What is the value of 27 - (-2 + (1 - 2) + (14 - 14))?
30
1 - ((-27 - -7) + 15)
6
Evaluate -4 + -4 + (-2 - (-5 - 3)) + 1.
-1
What is the value of 20 + -34 + 9 + -8 + 0?
-13
What is -9 + (21 - (44 + -21))?
-11
Evaluate (56 - 61) + -5 + 1 - (-35 - 0).
26
Calculate 13 + (-4 - (7 - 5)) + 3 + -24.
-14
Calculate -1 + -15 - (-129 + 123).
-10
What is (11 - -18) + -72 + 18?
-25
Calculate 26 + (9 - 3) + -1 + -9.
22
What is 1 - 2 - -7 - (-15 - -22)?
-1
What is -7 - (-6 + 4 + 2 - -9)?
-16
Calculate (-1 + -3 - 1) + (6 - (-6 + 1)).
6
Evaluate (3 + -26 - -22) + (-6 - 23).
-30
Calculate -3 - (4 + -4 + 1) - (3 + -4).
-3
Evaluate -14 + (28 - 7) + -6 + -2.
-1
(-8 - -15 - 3) + -17
-13
What is the value of 1 - 22 - (730 + -734) - (7 - -2)?
-26
(-3 - (-7 + -7 + -3)) + -36
-22
Calculate -2 + 21 + 0 + (4 - -11) + -20.
14
Calculate 7 - ((-1 - -32) + 8 + -5 + -3).
-24
-12 + (10 - (9 + -17 + 23 + -11))
-6
Calculate -1513 + 1515 + (-1 + 0 - (5 - 1)).
-3
What is the value of -2 + -3 - (-13 - (21 - 12))?
17
Calculate (-20 - (-44 + 35)) + 25.
14
Calculate 6 - 1 - (-62 + 60) - -7.
14
-1 - 3 - 6 - -9
-1
What is the value of -55 - -11 - (-58 + 21)?
-7
Evaluate -19 + 2 - (5 + -30).
8
(-2 - 4) + -1 + (18 - 8)
3
What is 4 + -5 + 6 - (-4 - -8 - -6)?
-5
What is the value of (-15 + 0 - -4) + 2?
-9
Calculate -22 - (-29 - (36 - 23)).
20
8 + (-5 + 1 - -10)
14
Calculate -128 - -105 - (-6 - 26).
9
(-26 - (17 - 28)) + (1 - -7) + -5
-12
What is 11 + -9 + (-2 + 7 - 16) + 5?
-4
Evaluate 19 + -33 + (8 - (0 - -4 - 2)).
-8
1 + -9 + 6 + 1 + 9 + -22
-14
What is the value of 3 + 3 + -11 + 2 + 5 - 7?
-5
What is the value of 4 + (0 + 2 - -1 - (27 + -10))?
-10
Evaluate 7 + -21 + -5 - -12.
-7
What is the value of -8 + 1 - (-25 + 15 - 7)?
10
What is the value of 22 + -9 - 17 - 12 - 9?
-25
Evaluate 3 - (6 + 0) - (8 + -12 + 6).
-5
Evaluate 0 + (16 - (-21 - -41)).
-4
Calculate 0 + -14 + 5 + 4.
-5
(1 - 6 - -5) + (-14 - 4) - -6
-12
Evaluate 23 + (-1 + -4 - (3 + -5)) + 3.
23
What is 25 + (21 - (15 + 16))?
15
What is the value of 2 - 0 - (11 - (3 + (3 - 0)))?
-3
0 + -2 + -5 + (1 - -2)
-4
Evaluate -7 - -10 - 0 - -2.
5
Evaluate 3 + -5 + -10 + 6 + 2.
-4
Evaluate (4 - -8) + -18 - -5 - 13.
-14
(-10 + 16 - (-2 - 0)) + -5 + 1
4
What is the value of (-14 - -23) + 14 + -22?
1
What is -18 - (1 - (-6 - -3) - (-109 - -116))?
-15
What is 23 + -8 + -13 - -19?
21
3 - (-7 + -5 + 5 - -6)
4
What is the value of (-12 - (14 + -16)) + (0 - -6) - 12?
-16
8 - (-17 + 22 + -2 + -3)
8
Calculate (13 + -6 - 29) + 17 - (11 - 0).
-16
What is the value of -4 + (50 + -39 - (13 - -1))?
-7
(2 - 18 - -2) + -4 - -8
-10
Calculate -7 - 16 - (45 - 49).
-19
What is (-4 - (-39 + 3)) + (-4 - -1 - -3)?
32
Evaluate -10 + 5 + (2 - -15) - -5 - 1.
16
What is the value of -1 + (-4 - -2) + 7 + (-6 - -9)?
7
Evaluate (-27 + 23 - (-3 - -1)) + 2 + 9.
9
Calculate 202 + -193 - (0 + -2 + (-10 - 4)).
25
Evaluate 19 + (-9 + 8 - -2) + -8.
12
(4 - 38) + 20 - (-1 + 4)
-17
Calculate -4 - (-8 + -6) - 18.
-8
Calculate -5 + 1 - (-54 - -33).
17
Evaluate (-15 - (1 + -1)) + -60 + 154 + -84.
-5
1 + (0 - -1) + -3 + (-72 - -66)
-7
What is (26 - 1) + -1199 + 1157?
-17
Evaluate 15 + -3 + -35 - -32.
9
Calculate 9 + 4 + 1 + -14.
0
0 - 10 - (10 + (9 - 17))
-12
What is the value of -25 - -9 - (2 - 2) - (-9 + 3)?
-10
Calculate -14 + (-2 + 10 - -1 - -25).
20
What is the value of 6 + (-3 - -7) - (5 - (10 + -8))?
7
-1 - 20 - (7 + 11 - 5 - 14)
-20
(-8 + (-10 - -6) - -17) + 11
16
0 + -9 + (34 + -6 - 18)
1
Evaluate 25 + -17 - (-2 - (2 + 3 + -5)).
10
-5 - (7 + (-12 - 8))
8
What is -10 - ((-1 - -7) + -17)?
1
Calculate (-33 - (38 + -57)) + -18.
-32
What is -23 - (21 - 38 - 18)?
12
70 + (-8 - 12) - 30
20
Evaluate (-8 - -4) + (-4 - -9) - (2 - -1).
-2
Evaluate 2 - -4 - (-4 + (-2 - -8) + 1).
3
What is the value of 0 - -7 - (100 - 85)?
-8
Evaluate (-33 - -30) + (-6 - -24 - 1).
14
(-6 + -18 - (2 - 0)) + 100 + -107
-33
Evaluate -20 + (5 - (-8 + (15 - 10)) - 4).
-16
What is the value of (38 + -6 - -32) + -37?
27
What is -19 + 17 - (-9 + 14)?
-7
Calculate (-8 - 7) + 10 + -1 + 9.
3
Calculate -7 + 4 + 11 + -25 + 15.
-2
What is the value of 884 - 895 - (-49 - -1)?
37
Evaluate -2 + -8 - (-56 + 39).
7
What is -38 - (6 - (3 - -1)) - (7 + -14)?
-33
What is the value of (17 - (4 + 0)) + (-3 - 37)?
-27
What is -12 + 2 - (79 + -90) - (7 - -2)?
-8
-147 + 137 + (30 + 0 - 4)
16
3 + (-7 - -10) - (13 + -1)
-6
Evaluate -2 - (157 + -155 + 4 + (4 - 2)).
-10
55 + 0 - (-15 - -48)
22
Evaluate 3 + 0 + -9 + 3 + -2 + -2.
-7
Calculate (9 - (17 - 21)) + -5.
8
What is the value of 8 - ((-16 - -2) + (91 - 81))?
12
(2 - 9 - -11) + 4 - -29 - 11
26
Calculate 3 + (0 - -11) + (8 - 5) + -5.
12
Evaluate -5 + (10 - (2 - (-3 + -9 + 6))).
-3
What is the value of -1 + 33 - (11 + 3 - (-88 - -98))?
28
4 - ((5 - (5 - 1)) + -6 + 18)
-9
Calculate (25 - 5 - (1 + (12 - 2))) + 16.
25
Evaluate 23 + (-35 + 3 - -10 - -9).
10
Calculate -6 + 4 + 4 + (4 - 7 - -5).
4
What is the value of 0 - -5 - (